(n) + 5*y(n). Calculate w(15).
2
Let g = 297 - 297. Let t(s) = 2*s + 1. Determine t(g).
1
Let v(g) = g**3 - 2*g**2 + 1. Suppose -3*a + 4 = -2. Let t be v(a). Let j(y) = 1 + 5*y**2 - 4*y**2 + 3*y - 5 + t. Calculate j(-3).
-3
Let z(s) = -5*s**3 - 7*s**2 - 8*s - 3. Let u(a) = -6*a**3 - 7*a**2 - 9*a - 4. Let t(d) = 4*u(d) - 5*z(d). Calculate t(-6).
11
Let d(t) = 6*t**2 + 3*t - 3. Suppose -20 = 4*m, -3*i + 4*m - 17 + 43 = 0. What is d(i)?
27
Let k = -461 + 395. Let j = -7 + 10. Let v be k/(-44)*(-14)/j. Let d(i) = i - 2. Give d(v).
-9
Let o(k) = -k**2. Suppose x = -5*w + 22, -5*w + 9 = 2*x - 15. Suppose w = 3*f - 2. Determine o(f).
-4
Let m(f) = -21*f**2 + 1. Let h(g) = 20*g**2 - 20*g - 1. Let l be h(1). Determine m(l).
-20
Let t(h) = 10*h**3 + h**2. Let a(f) = -11*f - 221. Let z be a(-20). Calculate t(z).
-9
Let n(z) be the first derivative of z**3 - 118. What is n(-1)?
3
Let c(g) = 1. Let f(x) = x - 5. Suppose -3*l - 18 = -9*l. Let t(z) = l*f(z) + 15*c(z). What is t(-3)?
-9
Let o(q) = 6*q**2 + 15*q + 1. Let z be o(-3). Let g(y) = -y**2 + 10*y + 2. What is g(z)?
2
Let c(l) be the second derivative of -1/2*l**2 + 2/3*l**3 - 13*l + 0. Suppose -s = n - 6, 5*s - 4*n = -0*n + 3. Give c(s).
11
Let v(t) = -11*t**2 + 11*t - 4. Let i(j) = -4*j**2 + 4*j - 1. Let l(r) = 8*i(r) - 3*v(r). Let o be l(0). Let c(n) = o*n + 2 - 3 + 0 + 0. Calculate c(-2).
-9
Let m(w) = w**2 + 8*w + 11. Let h(f) = -f**3 - 12*f**2 - 10*f + 6. Let k be h(-11). What is m(k)?
-4
Suppose -6 = 2*d + 2. Let i be d - (-13 - (-6)/2). Let s(p) = p**3 - 5*p**2 - 4*p - 3. Give s(i).
9
Let c = 17 - 16. Suppose -5*j + 2*u - c = -2*u, 2*j - 5*u = -14. Let s be (4/12)/(1/j). Let m(t) = 5*t**3 - 2*t**2 + 1. Give m(s).
4
Let z(n) = -5*n + 49. Let a(s) = 2*s - 23. Let t(o) = 9*a(o) + 4*z(o). Determine t(-5).
-1
Let j(g) = g**2 - 2*g**3 + g**3 + 79 + 2*g - g - 77. Let x(i) = -i**3 - 6*i**2 - 4*i + 5. Let p be x(-5). Calculate j(p).
2
Let r(l) be the first derivative of -l**2 - l - 2. Let w = -517 + 512. Calculate r(w).
9
Let p(i) = i**2 + i. Let o(l) = 0*l**2 + 3 + 0*l**2 + 2*l**2 - 7*l - l**3 + 2. Let k(a) = -o(a) - 3*p(a). Let w be 72/39 + -2 + (-108)/(-26). Determine k(w).
-5
Let h(p) = p - 2 - 14*p**2 - 1 + 2. Suppose -2*b + 2*r + 12 = 0, 2*b + 9*r = 6*r - 13. What is h(b)?
-14
Let f = -19 - -13. Let p = 0 - f. Suppose -p = -4*z + 2*z. Let v(t) = -t - 2. Give v(z).
-5
Let y(c) = 7*c**3 - c**2 + 3*c + 2. Let m(g) = -3*g**3 - g - 1. Let l(f) = -f**2. Let i be l(2). Let w(t) = i*y(t) - 9*m(t). Give w(3).
1
Let w(f) = f**3 - 5*f**2 + 2*f + 10. Suppose 0 = g - 1 + 14. Let h(p) = 2*p**3 - 10*p**2 + 4*p + 21. Let j(c) = g*w(c) + 6*h(c). Let b = 0 + 5. What is j(b)?
-14
Let c(k) be the second derivative of -k**4/3 - k**3/6 + k**2/2 + 147*k. What is c(2)?
-17
Let b(q) be the first derivative of -q**4/4 - q**2/2 + 4*q + 403. What is b(0)?
4
Suppose -11*s = -16*s + 20. Suppose -w + 3 = -5*o, 0*w = w - o - 3. Suppose w*g = -2*p - 4, -s*p - g - g = -8. Let m(z) = -z**2 + z + 5. Give m(p).
-7
Suppose 24*w - 350 = -11*w. Let j(t) = t**3 - 10*t**2 - t + 17. Determine j(w).
7
Let x(l) be the second derivative of l**5/60 + 7*l**4/24 + 4*l**3/3 + 11*l**2 + 13*l. Let p(u) be the first derivative of x(u). Calculate p(-6).
2
Suppose 5*t - 7*t = 4*a, 20 = -2*t + a. Let p(b) = -b**3 - 9*b**2 - 5*b - 4. What is p(t)?
-28
Let f(q) = -7*q + 3*q**2 - 22*q**2 + 5 + 7*q**2 + 11*q**2. Let u(r) = -2*r + 9. Let g be u(8). Determine f(g).
5
Let n(c) be the third derivative of -c**6/120 - c**5/10 - c**4/12 + 7*c**3/6 + 102*c**2 - 2. Calculate n(-5).
-8
Suppose -2*a = -5*d - 14, 1 = 2*a + d - 1. Let h(q) be the second derivative of -1/6*q**3 + 0 - q - a*q**2. What is h(-2)?
-2
Let r(t) = 0*t + 0 + 203*t**2 + t**3 + t - 5 - 207*t**2. Let f(a) = 8*a**2 - a. Let o be f(-2). Suppose 5*y - 2*p = -10 + o, -2*y = 5*p + 2. Determine r(y).
-1
Suppose 3*c - 3*w + 2*w = 5, 5*c + 4*w = 14. Suppose 6 = v + 4. Let h(a) = 6 - 4*a**v + 6*a**2 - a**3 - 4 - 2*a. Give h(c).
-2
Suppose -19*h - 145 + 221 = 0. Let n(j) = -2 + 1 + 5 - j. What is n(h)?
0
Suppose 0 = -102*c + 106*c - 24. Let p(f) = 2*f - 9. Give p(c).
3
Let b(o) = -o**3 + 4*o**2 + 6*o - 7. Let p = 424 - 419. Determine b(p).
-2
Let w(x) = 2*x - 1. Suppose -7 = 3*p + 44. Let n = p - -19. Suppose -o = -2*t - 2*o, 8 = n*o. What is w(t)?
-5
Let r(b) = -b**2 + 5*b + 5. Let k(q) = q**2 - q - 1. Let h(o) = o**2 + 15*o + 17. Let p be h(-14). Let m be k(p). What is r(m)?
5
Let x(t) = 2*t - 1. Let o be (4/(-6))/(8/1080). Let i = -95 - o. What is x(i)?
-11
Let g(b) be the first derivative of 1/2*b**2 + 5 - 1/6*b**3 - 4*b. Let d(j) be the first derivative of g(j). Calculate d(5).
-4
Let j(w) = -3*w - w + 3*w - 2 + 2*w. Let u(m) = 2*m**2 + 9*m + 3. Let z be u(-6). Let f = 17 - z. What is j(f)?
-6
Let b be ((-12)/5)/((-6)/450*-6). Let t = b - -33. Let l(w) = -w**2 + w + 4. Give l(t).
-2
Let p(v) = -2*v. Let x(w) = 13*w + 8. Let z(k) = -6*p(k) - x(k). Give z(-10).
2
Let o(j) = 5*j + 38. Let f be o(0). Let y(r) = 34 - 2*r - 73 + f. Calculate y(5).
-11
Let g(y) = -y**2 + 3*y + 4. Let o = 17 - 16. Let j be (-8*o)/((-8)/36). Let d be 100/j - (-8)/36. What is g(d)?
4
Let o(z) be the second derivative of -z**3/6 - 8*z**2 + 253*z. Calculate o(-5).
-11
Let d(u) = u**2 + 9*u + 2. Let g = -6 + 2. Let r be g + (-7)/((-28)/(-8)). Determine d(r).
-16
Let r(p) be the second derivative of p**5/20 + p**4/2 + 2*p**3/3 - p**2/2 + 272*p. Calculate r(-3).
14
Let c(u) = 2*u**2 + 4*u - 1. Let x(o) = -o**2 + o. Suppose 2*d + 2*p = -4, 0 = -5*d + 4*p - 9 - 1. Let w(n) = d*x(n) + c(n). Calculate w(-2).
11
Let s(j) = -2 + 8 - j + 5. Let c(i) = -i**2 + 2*i + 3. Let y be c(3). Suppose 4*l - 12 = -2*t, y = -l + 4*t + 16 + 5. Calculate s(l).
6
Let z = -25 - -31. Let k(j) = -7*j + 0*j - 3 + j**2 - 21 + z*j. Determine k(0).
-24
Let w be (3/6)/((-3)/(-156)). Let x = w - 27. Let t(z) = -12*z - 1. Determine t(x).
11
Let f(d) = -12 + 2 - 7 - 17*d + 16*d - 2. Determine f(-15).
-4
Let u(o) be the third derivative of o**4/12 + 4*o**3 + 2*o**2 - 18. Calculate u(-14).
-4
Let h(m) = -10*m. Suppose j = 16 - 4. Let v = j + -16. Let y be -1*-2*v/(-8). Determine h(y).
-10
Let w(p) = 0*p**2 + 8*p**2 + 0*p - 16*p**2 - 1 + 2*p. What is w(1)?
-7
Suppose 4*p - 12 = -v, -2*v + 2 = -3*p - 0*v. Suppose -l = -p*l + 2*j + 4, -l + 5 = -j. Let s(u) = -2*u + 4. Give s(l).
-8
Let r be (-5)/(-6) - 1 - (-3290)/(-60). Let x = r + 56. Let p(a) = 15*a - 1. Determine p(x).
14
Let d(a) = -5*a**3 - 16*a**2 - 16*a - 16. Let c(f) = f**3 + 3*f**2 + 3*f + 3. Let n(s) = -11*c(s) - 2*d(s). What is n(0)?
-1
Let v(m) be the first derivative of m**3/2 + m**2/2 + 8*m - 12. Let d(u) be the first derivative of v(u). Determine d(-2).
-5
Let c(r) be the first derivative of r + 3 - 2*r**2 + 0 + 4. Let i(n) = n**3 - 10*n**2 + 8*n + 8. Let g be i(9). Determine c(g).
5
Suppose 9*h = -6 + 15. Let q be (-7)/14*h*2*-1. Let g(t) = 8*t. Determine g(q).
8
Suppose 9 = -3*o, 29 = r - 4*o + 23. Let f(w) = w - w + 5 + w. Determine f(r).
-1
Let d(r) = r + 5. Let g be (0 - 1) + -6 + 9 + -6. Give d(g).
1
Let i(n) = 2*n - 3. Let u = 318 - 314. Calculate i(u).
5
Let h(b) be the second derivative of b**4/12 - 4*b**3/3 - 2*b**2 + b + 75. Let n = 11 + -3. What is h(n)?
-4
Let y(i) = -20*i**3 + 3*i**2 + 12*i - 20. Let a(r) = -r - 10. Let w be a(7). Let b(h) = 7*h**3 - h**2 - 4*h + 7. Let d(p) = w*b(p) - 6*y(p). Calculate d(3).
7
Let t = 31 - 28. Let m(a) = -3*a + 7. Let h be m(t). Let l(q) = -q**3 - q**2 + q + 1. What is l(h)?
3
Let o(u) = -4*u**3 + 9*u**2 - 4*u - 5. Let j(y) = 13*y**3 - 28*y**2 + 12*y + 17. Let h(m) = 3*j(m) + 10*o(m). What is h(7)?
-76
Suppose 0*h = -5*h - 5. Suppose 4*i + 2*a = 2*i + 114, -289 = -5*i - 4*a. Let g(m) = -m**2 + 58 - 118 + i. Calculate g(h).
0
Suppose 24*d = 21*d + 6. Let h(j) = 7*j**d - j**3 - 2*j**2 - 5 + 2 + j**2 + j. Give h(6).
3
Let j be 2*(-36)/32*4. Let u(t) = 2*t**2 + 23*t - 11. Let b(v) = -v**2 - 12*v + 6. Let x(p) = 5*b(p) + 3*u(p). Calculate x(j).
-3
Suppose 4*r - 85 = -5*d, 6*d - 2*r = 2*d + 42. Let t = -6 + d. Let i(o) = -o**2 + 7*o - 7. Determine i(t).
-7
Let v(t) = 2 + 16*t**3 + 0 - 15*t**3. Suppose -r + 22 = -0*h - 5*h, r = -h - 2. What is v(r)?
10
Let t be (-70)/15 - (-1)/(-3). Let c(d) = 67*d**2 + 72*d**2 - 138*d**2 + 1 - 3 + 4*d + 0. Determine c(t).
3
